6*r - 9. What is h(a)?
-9
Let o(c) be the second derivative of -1/6*c**4 + 1/2*c**2 + 1/60*c**5 - 2*c + 0 + 0*c**3. Let v(z) be the first derivative of o(z). What is v(5)?
5
Let t(l) = -20*l. Suppose 3*m = 5*w - 22, -m - 3*w - 8 + 24 = 0. Calculate t(m).
-20
Let b = 17 - 15. Let v(d) = -d**3 + d - 1. Calculate v(b).
-7
Suppose u - 2 = 8. Let y = -5 + u. Let z(r) = 0*r + 6*r - 9 - y*r. Give z(5).
-4
Let g(c) = -c. Let x(w) = -w**2 + 2*w. Let r(k) = -2*g(k) - x(k). What is r(2)?
4
Let k = 10 - 8. Let l(c) = -c**3 + 3*c**2 - c - 2. Give l(k).
0
Let y(l) = 4*l + 9. Let b = 160 - 166. Calculate y(b).
-15
Let t = 1 - -2. Let w(i) be the first derivative of i**3/3 - i**2/2 - 4*i - 23. What is w(t)?
2
Let l(d) = 5*d + 2. Suppose 2 = 4*m - 2, 0 = 5*t + 3*m - 43. Suppose -2 + t = -3*i. What is l(i)?
-8
Let m be -4 + (-2 - 0 - -6). Let p(h) = 4*h**3 - 4*h**2 - h - 5. Let a(n) = 7*n**3 - 7*n**2 - 2*n - 11. Let b(v) = 3*a(v) - 5*p(v). What is b(m)?
-8
Let l = -8 + 12. Let i(v) = -v**3 - 3*v**2 + 4*v + 0*v - 3 - l*v. Let r(q) = q**3 - 2*q**2 - q - 1. Let t be r(2). Determine i(t).
-3
Let g be (-2 - 0) + (-4 - -8). Let a(c) be the second derivative of -c**4/12 - c**3/6 + c**2 - c. What is a(g)?
-4
Suppose -31 = 2*o - 5*b, -3*o + 19 = 5*b + 3. Let x(c) = 2*c**2 - 2. What is x(o)?
16
Let u(o) = o + 12. Let x be u(-10). Let g(b) = -7 + 4*b + 9*b**2 - 5*b**2 - 3*b**x. What is g(-6)?
5
Suppose 0 = 2*d - 2 - 0, 4*c + 16 = 4*d. Let a(v) = v**3 + 2*v**2 + 4*v + 4. What is a(c)?
-17
Let c(o) = 7*o**3 - o**2 + o - 7. Let r(y) = -8*y**3 + 8. Let f(q) = 7*c(q) + 6*r(q). What is f(5)?
-16
Let d(r) = -11*r**2 - 1 + r**3 + 10*r**2 + 11. Determine d(0).
10
Let v be 4/14 + 24/14. Let c = v - 3. Let s(d) = 9*d**3 - d**2 - d - 1. What is s(c)?
-10
Let a(h) = 251 - 243 - 3*h + h. Determine a(6).
-4
Let x(p) = -p + 1. Let o be (-2)/(1 + 2 - 5). Let m(n) = -n**3 + 2*n**2 - 1. Let t(q) = o*m(q) + 2*x(q). Calculate t(1).
0
Let o(r) = -r**2 - 1. Let i(b) = -3*b**2 - 11. Let d(j) = i(j) - 4*o(j). Calculate d(0).
-7
Let s(g) be the first derivative of 2 + 0*g - 1/6*g**3 + 1/12*g**4 + g**2. Let d(a) be the second derivative of s(a). Determine d(1).
1
Let n(u) = 10*u - 3 + 38*u**2 - 4 - 2 - 39*u**2. Suppose 2 = -4*l + 26. Calculate n(l).
15
Let l(s) = s**3 - 2*s**2 - 3*s + 3. Let m be (4 - 11/2)*-2. Calculate l(m).
3
Let q be (-264)/220 - (0 - -2)/(-10). Let o(h) = 9*h - 1. Give o(q).
-10
Let g(f) be the second derivative of 3*f**4/4 - f**2/2 + 53*f. Determine g(1).
8
Let h = -3 + 12. Let a be -5*1/2*-2. Suppose -2*j + 3*s + 4 - 1 = 0, h = 2*j - a*s. Let t(b) = -b**2 - 3*b + 3. Calculate t(j).
3
Let q(g) = g**3 - 4*g**2 - 3*g + 5. Let b be 34 + 3*(-4)/(-6). Suppose -5*v = -t + 4*t - 64, 2*t + 2*v - b = 0. Let h be (-4)/12 - t/(-3). Determine q(h).
-7
Let x(v) = v**3 - 5*v**2 + 3*v + 4. Let l be 0/5 + (0 - -3). Calculate x(l).
-5
Let k(c) = -c**2. Suppose -10 = -4*r + 4*s - 5*s, r = -2*s + 6. Suppose o - r*o + 1 = 0. What is k(o)?
-1
Let j(y) = 6*y + 4*y**3 + 1 - 5*y**2 + 2*y**3 - 4 - 5*y**3. What is j(4)?
5
Let i(o) = -2*o - 5. Let u be (-94)/(-14) + (0 - (-6)/21). Determine i(u).
-19
Let y(w) = -5*w + w**2 + 0*w + 4*w + 2. Let r be y(0). Let p(l) = -2*l**2 - l**2 + 5*l**2 - 3*l**2 - 1 - l. Give p(r).
-7
Let l(z) = 3*z - 3. Let r = 1 - -2. Let q(f) = -f + 3. Let c be q(-3). Let x = c - r. Calculate l(x).
6
Let g(n) = 10*n + 2. Let m(f) = -8*f - 1. Let s(v) = -2*g(v) - 3*m(v). Give s(1).
3
Let z(m) be the second derivative of -m**4/12 + m**2/2 - 3*m. Let b be z(1). Suppose b = h - 3 - 1. Let c(k) = k**3 - 5*k**2 + 4*k + 5. What is c(h)?
5
Let u(g) = -6*g + 5. Let w(s) = 78*s - 66. Let d(k) = -27*u(k) - 2*w(k). What is d(2)?
9
Let d(k) = -k**3 - 7. Let h(s) = -s**3 - 15*s**2 - s - 15. Let u be h(-15). What is d(u)?
-7
Let o(c) = -c**2 + 8*c - 7. Suppose 20 = q + 4*w, 2*q - 19 - 3 = -2*w. Give o(q).
-7
Let r = -13 + 4. Let k = -13 - r. Let d(m) be the second derivative of m**4/12 + m**3 + 2*m**2 + 6*m. Give d(k).
-4
Let v(w) be the first derivative of -w**4/4 + 7*w**3/3 - 3*w**2/2 + 9*w - 45. Give v(6).
27
Let s be (80/12)/(2/9). Suppose -d + 5*r + s = -6*d, 4*r = -d - 12. Let t(z) = -z**3 - 5*z**2 - 4*z - 5. Calculate t(d).
-5
Let l(v) be the first derivative of -v**3/3 + 2*v**2 + 6*v - 3. Let b be (0 + 6 - 4) + 3. What is l(b)?
1
Let m(w) = w**2 + 3*w - 1. Suppose 3*s = 5 - 14. What is m(s)?
-1
Suppose 0 = -2*z - z + 6. Let v(r) = 4*r**3 + r**2 - 3. Let b(w) = -8*w**3 - 2*w**2 + 7. Suppose f - 6*f = -25. Let o(l) = f*v(l) + z*b(l). Calculate o(-1).
-4
Let f(s) = -4. Let i(p) = p - 12. Let b(y) = 11*f(y) - 4*i(y). Give b(4).
-12
Let d(u) = -u. Let x be d(-2). Let q(l) = -3*l**x + 3*l**2 - 1 - l**2 + 5*l - 3*l. Give q(2).
-1
Let w(o) = -o**2 - 7*o - 7. Let r be w(-6). Let i = -1 + 4. Let c(d) = 1 - 5*d - 3*d + i*d. Calculate c(r).
6
Let p(l) = 1 + 0*l**2 + 0 + 3*l + 4*l**2. Let y be (1/2)/((-1)/10). Let i = y - -3. Determine p(i).
11
Let j(s) = s - 1. Let p be j(0). Let l be (6/(-9)*-3)/p. Let y = l + 7. Let a(w) = -w**2 + 4*w + 1. Give a(y).
-4
Let g be -4*(-4)/(-8)*-3. Let o(y) = -y**3 + 7*y**2 - 6*y + 4. Determine o(g).
4
Let d = 80 - 54. Let j be 6/(-1)*d/(-39). Let g(o) = o - 3. Calculate g(j).
1
Let f(m) = -8*m + 10 + 6*m - m. What is f(7)?
-11
Let h(l) = -14*l + 3. Let v(m) = -5*m + 1. Let g(a) = -6*h(a) + 17*v(a). Give g(0).
-1
Let a(f) = -2*f**3 - f - 1. Suppose -4*z + 2*z + o = -2, -o = -3*z + 1. Let v = -2 - z. Give a(v).
2
Let s(c) = c**2 - 7*c. Let q be s(6). Suppose 0 = -4*b + 2*b + 8, -2*b + 1 = -k. Let f = q + k. Let w(v) = -4*v + 1. Give w(f).
-3
Let y(q) = -3*q**2 - 7*q - 3. Let g(f) = 7*f**2 + 14*f + 5. Let u(c) = -4*g(c) - 9*y(c). Let i be u(8). Let p(s) = 4*s - 1. What is p(i)?
-5
Let v be (-24)/10*10/(-3). Suppose m + 2*w + v = 7*w, -2*w - 6 = -5*m. Let r(x) = 3*x**m + 6 + 4*x - 4*x**2 - 2. Calculate r(3).
7
Let z(d) be the first derivative of -5*d**4/4 + 2*d**3/3 - d**2/2 - 4. Let m be -2 + 2 - -1 - 0. Give z(m).
-4
Suppose 4*b + 2 = 3*o - o, 3*o = 5*b + 4. Suppose -2*g + 4 = -o*c - 0, -2*c + 10 = 5*g. Let n(y) = -y + 2*y - 1 - 2*y. Give n(c).
-1
Let b(x) = -12*x**2 - 1. Let i(p) = p**3 + 3*p**2 - 4*p + 6. Let k be i(-4). Suppose -m = 5 - k. Calculate b(m).
-13
Let j(n) be the second derivative of -2*n - 1/6*n**3 + 0 + 2*n**2. Let h = -4 + 7. Calculate j(h).
1
Let s(x) = -6*x - 2. Let z(l) = 5*l + 2. Let y(o) = 4*s(o) + 5*z(o). What is y(-2)?
0
Let w(p) = -2*p + 0*p**2 + 6*p + 2 - p**2 - 3*p. Let f be w(3). Let y(k) = k**2 + 2*k - 2. What is y(f)?
6
Let t = 1 - -3. Let d(f) = -3*f**2 + f - 2. Let x(n) = 7*n**2 - 3*n + 4. Let i(m) = t*x(m) + 9*d(m). Let u(l) be the first derivative of i(l). Give u(5).
7
Let t(c) = c**3 + c**2 - c. Let l(u) = -6*u**2 + 2*u + 3. Let m(i) = l(i) + t(i). Give m(3).
-12
Let r(s) = s**2 - 8*s - 2. Let b be r(7). Let y = b - -15. Let c(n) = 3 - 2*n**2 + 0*n**2 - n**3 - 3*n + y*n. What is c(-2)?
-3
Let f(y) = -y**3. Let d(o) = o**3 - 11*o**2 + 9*o + 11. Let g be d(10). Determine f(g).
-1
Let s = -2 - -4. Let x(c) = c + 4*c - 6*c + s*c. Suppose 0 = -4*v - 0*v + 2*l - 8, -4*v + 3*l - 12 = 0. Give x(v).
0
Let t(p) be the second derivative of p**7/2520 + p**6/180 + p**5/120 + p**4/12 + 2*p. Let x(a) be the third derivative of t(a). Determine x(-5).
6
Let l(y) = 3*y - 2 - 4*y + 2*y + 9. Suppose 0 = 8*k - 3*k + 25. Determine l(k).
2
Let p(d) = 2*d**2 + 5*d + 4. Let w(b) = 3*b + 10. Let f be w(-4). Let m be p(f). Let s(o) = -o**3 + o**2 + o + 2. What is s(m)?
0
Let z(b) = 5*b + 4*b**2 - 2 + 0*b**3 + b**3 + 10 - 3. Determine z(-4).
-15
Let l(y) = 20*y + 33. Let h(c) = 7*c + 11. Let k(a) = 17*h(a) - 6*l(a). Let w = 1 + -6. Give k(w).
-6
Let p(n) be the second derivative of n**3/6 - n**2/2 - 4*n. Let s(o) = o + 1. Let v be s(3). Determine p(v).
3
Let i(t) be the third derivative of t**6/120 + t**3 + 4*t**2. What is i(0)?
6
Let h(b) = b**3 + 6*b**2 - b - 6. Let m be 280/49 + 4/14. Let x = 0 - m. Give h(x).
0
Let c(w) = w**2 + 6*w + 10. Let a(r) = -2*r**2 - 12*r - 19. Let u(k) = -3*a(k) - 5*c(k). Let f(l) = -l**3 + 4*l**2 - 2*l + 3. Let b be f(4). Determine u(b).
2
Let j(w) = 4*w - 1. Suppose 5*k + 5*k + 10 = 0. What is j(k)?
-5
Let a(n) = -n**3 - 5*n**2 - 2*n + 2. Let r be a(-4). Let j be (2 - 2)*3/r. Let m(f) = -7*f - f**2 - 1 + j + 2*f. Calculate